v - 54. Calculate u(r).
5
Let u(x) be the third derivative of -x**4/12 - 5*x**3/3 + 121*x**2. Calculate u(-7).
4
Suppose -2*r + 20 = 4*c, -r + c + 22 = -3*c. Let q = r + -8. Let k(u) = u - 213. Let d(l) = 2*l - 461. Let z(n) = -6*d(n) + 13*k(n). Give z(q).
3
Let l(h) = h**2 - 3*h - 2. Suppose -3*q - 6 + 0 = 0, -2*y = 5*q + 16. What is l(y)?
16
Let b = -2 - -3. Let f = 44 - 42. Let m(o) = 11*o**2 - 3*o + 0*o**f + 4*o - 17*o**2. Give m(b).
-5
Let k(z) = z - 1. Suppose 2*j = 6*y - 2*y - 10, -5*j - 25 = -5*y. Calculate k(y).
-1
Let z(n) = 2*n + 0*n + 1 + 11*n - 14*n. Determine z(-5).
6
Suppose -5*k - 5*c = -35, 5*k + 6 - 1 = 3*c. Let g(h) = -h**3 - 4*h + 3*h - 4 - 5*h**k + 1 + 5*h. Determine g(-6).
9
Let o(b) = -b + 1. Let a = 17 - 14. Suppose 2*n + 2 = -2*m, a = -4*n - 2*m - 1. Let z be n*(-3 + (5 - 1)). Determine o(z).
2
Let d(s) = s**3 + 5*s**2 + 2*s - 2. Let u(h) = h. Let j(l) = -d(l) - u(l). Let r = -1 - -6. Suppose -5*g = 3*q - 0*q + 23, -5*g - r*q = 25. What is j(g)?
-2
Let a(c) = c**3 - 12*c**2 + 32*c - 7. Let v be a(8). Let l(y) = 2*y + 14. What is l(v)?
0
Let y be 32/10*15/12. Let p(k) = 11*k**3 - 15*k**2 + 26*k - 26. Let q(n) = -7*n**3 + 10*n**2 - 17*n + 17. Let s(u) = -5*p(u) - 8*q(u). Calculate s(y).
2
Let o be 48/8 + (-1 - 2). Suppose -o*k = 4*u - 2*k - 25, 5*k + 22 = u. Let c(j) = 3*j - u + 10 - 5*j + j. Calculate c(5).
-2
Let l(x) = x + 4. Let j be (6 - 9/3)*(-7 - -6). Calculate l(j).
1
Let x(w) = -9*w**2 + 16*w + 9. Let h(j) = -4*j**2 + 7*j + 4. Let k(p) = 13*h(p) - 6*x(p). Let v be ((-18)/8)/(1/4). Let n = v + 13. Calculate k(n).
10
Suppose -5*p = -4*g - 24, 4*g + p - 1 = -25. Let k(y) = -2*y + 190. Let s(m) = -3*m + 253. Let z(h) = -4*k(h) + 3*s(h). Give z(g).
5
Let p(j) = -5*j**3 - j**2 + 4*j + 5. Let k(m) = 6*m**3 + m**2 - 3*m - 3. Let w(a) = -4*k(a) - 5*p(a). Determine w(-3).
-7
Let s(d) = d + 9. Let u be (9/12)/((-3)/(-8)). Suppose u + 6 = -z. Let y = 2 + z. Determine s(y).
3
Suppose -3*r = -k + 8, 3*r - 14 = -3*k - 2. Let a be r/2 + (-6)/12. Let f(o) = -4*o + 4*o**2 + 1 + 2*o + 3*o + 0. Give f(a).
4
Suppose -4*r = 2*f + 14, -51*r = -4*f - 48*r - 17. Let s(u) = -u - 13. Calculate s(f).
-8
Suppose -15 = 18*v - 123. Let f(t) = -t**3 + 8*t**2 - 8*t + 1. Calculate f(v).
25
Let p be ((1 - 2) + 2)/1. Let i(n) be the first derivative of -n**2 - n - 339. Determine i(p).
-3
Let v(m) = -39*m**2 + 5 - 7*m + 45*m**2 + 2*m. Determine v(1).
6
Let l = -113 + 118. Let w(k) = k**2 - 4*k - 1. Determine w(l).
4
Let a(b) = -b**3 - 5*b**2 + 4*b - 7. Let n(r) = 8*r - 9. Let v be ((-1)/4)/((-17)/204). Let o be n(v). Let s be o/(-2) + 12/8. Calculate a(s).
5
Let u(t) be the first derivative of t**5/60 + 3*t**4/8 + 7*t**3/6 + 4*t**2 - 10. Let z(c) be the second derivative of u(c). Determine z(-6).
-11
Let g(t) = t**3 + 8*t**2 - 9*t + 3. Let k = 6 + -15. Let w be g(k). Let i(f) = f**2 - f + 1. Give i(w).
7
Let p(d) = -25 + 5 + 487*d - 228*d + 2*d**2 - 224*d - 3. What is p(-18)?
-5
Let r(q) = -q**2 + 2. Let l be r(2). Suppose z = 3*h - 4, -4*h - 2*z + 6*z = 8. Let w(s) = -1612*s - 4 + h + 1604*s. Determine w(l).
15
Suppose o = -4 - 1, 3*c - 4*o = 5. Let u(i) = 2*i - 3. Let n(h) = 3*h - 5. Let j = -8 - -3. Let g(p) = j*n(p) + 8*u(p). Determine g(c).
-4
Let j(b) = 6*b. Let f = 48 + -48. Suppose 0 = 4*t + 2*s + 8, -5*s + f*s = 10. Calculate j(t).
-6
Let m(d) = d**2 + 5*d + 4. Let a(x) = -2*x - 5. Let z be a(-5). Suppose -3*v - 3*w = -66, v + 86 = z*v + 3*w. Suppose 2*o - 8 + v = 0. What is m(o)?
10
Suppose 11*o = 35 - 13. Let j(d) be the first derivative of d**3/3 - 2*d - 3. Give j(o).
2
Let t(q) = -3*q**2 - 7*q - 7 - q**2 + 3*q**2 + 26*q - 14*q. What is t(6)?
-13
Let g(s) = 5*s**3 - 5*s**2 - 9*s + 8. Let h(i) = i**3 - i**2 - i + 1. Let r(k) = -g(k) + 6*h(k). Let c = 9249 + -9247. What is r(c)?
8
Suppose 22 = 3*u + 4. Let r(h) = -7*h**3 + 12*h**2 + h + 19. Let m(f) = -10*f**3 + 18*f**2 + f + 28. Let g(z) = -5*m(z) + 7*r(z). Give g(u).
5
Let t(l) be the second derivative of -l**3/2 - 3*l**2 + 2*l. Let k be (0 - 0) + 4 + 55/55. Suppose -k*z - 28 = -8. Determine t(z).
6
Let i(t) be the first derivative of t**2/2 + t + 123. Give i(3).
4
Let q(h) = -4*h. Suppose -4*x = 2*n + 16, 0 = -4*n - 4*x + 3 - 15. Suppose y = n*y - 8. Suppose -2 = y*l - 10*l. Determine q(l).
-4
Let f(c) = -c**3 + 6*c**2 + 3*c - 15. Let d be f(6). Let j(a) = -a**3 + 5*a**2 - 3*a + 1. What is j(d)?
10
Let v(o) be the third derivative of -o**6/120 + 2*o**5/15 + o**4/12 - o**3 + 133*o**2. Give v(8).
10
Let u(l) = 83*l - 586. Let d be u(7). Let v(f) = -8*f - 9. What is v(d)?
31
Let i(d) = 4*d - 3. Let m be (2/(-5))/(1/(-10)). Let k be (28/(-10))/(1/(-5)). Suppose m = 16*q - k*q. What is i(q)?
5
Let t(r) = -4 - 3*r**2 - 4*r + 6*r**2 - 2*r**2. Suppose 10*g - 13*g - 54 = 0. Let y = g - -23. Calculate t(y).
1
Let o(c) = -6 + 12*c + 10*c - 33*c + 14*c. What is o(2)?
0
Let q be ((-2)/(-4))/(2/(-8)). Let b be ((-4)/(-6))/(q/(-12)). Let a(l) be the first derivative of 3*l**2/2 + l + 992. What is a(b)?
13
Let f(q) = q**2 - 2*q. Let a be f(3). Suppose -5*u - a = -13. Let d(i) = -u + 3 - 5 - i + 3. What is d(-3)?
2
Let s(h) be the first derivative of -h**5/20 + h**4/4 + h**3/2 - 2*h**2 - 5*h + 5. Let n(x) be the first derivative of s(x). What is n(4)?
-8
Let o(y) = 2*y**2 - 896 + 897 + y**2 - 7*y + 0*y**2 + y**3. What is o(-5)?
-14
Let q(k) = 4 + 384*k + 373*k + k**3 - 757*k + 23*k**2. Calculate q(-23).
4
Let z = -1/2006 - -2009/6018. Let o(f) be the first derivative of -z*f**3 + 4 + f + 4*f**2. What is o(8)?
1
Let j(g) = -157*g + 55*g + 52*g - 13 + 49*g. What is j(6)?
-19
Let t(b) = -b + 1. Let i(w) = -61 + 0*w + 35 - w + 28. Let h be i(7). Give t(h).
6
Let v(w) be the second derivative of -w**5/20 + w**4/3 + 5*w**3/6 - w**2/2 - 7*w. Suppose 2*g = -2*p + 2 + 10, 18 = 4*p - 2*g. Give v(p).
-1
Suppose 2*y - 3*y = -3*m - 18, 0 = -4*y + 4*m + 40. Let x(d) be the third derivative of -1/4*d**4 - d**3 + 0 + 1/60*d**5 + 0*d + 5*d**2. Give x(y).
-6
Let o(l) = 4*l - 96. Let q be o(26). Let y(t) = -t**2 + 7*t - 1. Give y(q).
-9
Let m be -1*(4 + 3 + -9). Suppose 1 = -m*j + x, -4*x + 2 = 3*j + 20. Let c(b) = 2*b**3 + 2*b**2 + 2*b + 2. Determine c(j).
-10
Let i(j) = -j**2 + 4*j - 1. Let d(f) = 5*f**2 - 2*f + 58. Let h(m) = d(m) + 4*i(m). Give h(-7).
5
Let k(y) be the first derivative of -y**4/4 - 4*y**3/3 - y**2 - 14*y + 6. Let z be k(-4). Let w(v) = v**3 + 5*v**2 - 4*v + 6. Calculate w(z).
-6
Let l(w) = w**3 + 4*w - 28*w**2 - 4*w + 27*w**2 + 14. Suppose -v = -5*g, -11*v = -3*g - 8*v. What is l(g)?
14
Let w(d) = -3*d**3 - d - 7. Let z(x) = -5*x**3 + x**2 - 2*x - 13. Let j be ((-24)/(-15))/((-4)/(-10)). Let y(g) = j*z(g) - 7*w(g). Give y(-4).
1
Let u(n) = n**3 + 5*n**2 + 4*n + 2. Let y be u(-4). Let g(m) = 2*m**y - 3*m**2 + 0*m + 4*m**3 + m + 1. Determine g(-1).
-5
Let y be (-3)/(-6) + (-9)/(-6). Let i be (y + 14/(-6))*-9. Let w(z) be the first derivative of -z**3/3 + z**2/2 + 18. Calculate w(i).
-6
Let i = -88 + 124. Let x = i + -33. Let r(j) = j - 6. Calculate r(x).
-3
Let l(w) be the third derivative of 0 + 0*w + 30*w**2 - 1/12*w**4 + 1/2*w**3. What is l(5)?
-7
Let r(z) = -z**3 - z**2 + 4*z. Suppose -8*p = -116 - 180. Suppose -p + 31 = 2*h. What is r(h)?
6
Let z(s) = 13*s + 9. Let w(f) = 3*f - 1. Let v(r) = -5*w(r) + z(r). Calculate v(9).
-4
Suppose -103*f + 132 = -37*f. Let x(p) be the third derivative of p**5/10 - p**4/12 - p**3/6 - p**2. Give x(f).
19
Suppose 0 = 4*c - 2*c + 2. Let y(t) = -4 + 7 - 3*t**3 + 2 - 6. What is y(c)?
2
Let a(u) = 2*u - 9. Let h be a(5). Let n(g) = 17*g + 0 - 9*g + 3 - 2. Calculate n(h).
9
Let o(g) = -2*g**3 + 1. Suppose -6 = -33*t + 39*t. Give o(t).
3
Let i = -15 - -15. Let k(g) = i*g**2 + g**2 + 4*g**2 - 2*g**2. What is k(-1)?
3
Let r(s) = -s**3 + 7*s**2 - 7*s + 7. Suppose 6*m - 9*m = -18. Let c be r(m). Let x be (c/(-2))/((-2)/(-24)). Let v(j) = j**3 + 6*j**2 - 3. Determine v(x).
-3
Let z(u) = u**2 - 4. Let k be z(-3). Let b(q) = -q**3 - 14*q**2 - 25*q - 10. Let p be b(-12). Let c(f) = 4 - f**p - 4 + 4 - k*f + 0. Give c(-6).
-2
Let w = -60 - -58. Let r(u) = -2*u**2 + 2*u - 1. Calculate r(w).
-13
Let q be (-2)/7 + 3212/511. Suppose 0 = k + 2 - 4. Let x(t) = t - t**k + t + 3*t - 1. Determine x(q).
-7
Let h(v) be the first derivative of v**3/3 - 4*v**2 - 9*v + 2. Let x be h(9). L